{"id":258,"date":"2024-01-22T11:12:41","date_gmt":"2024-01-22T10:12:41","guid":{"rendered":"https:\/\/oceannedemont.fr\/?page_id=258"},"modified":"2026-02-26T12:30:11","modified_gmt":"2026-02-26T11:30:11","slug":"mentionslegales","status":"publish","type":"page","link":"https:\/\/oceannedemont.fr\/index.php\/mentionslegales\/","title":{"rendered":"Mentions l\u00e9gales"},"content":{"rendered":"<p>[et_pb_section fb_built=\u00a0\u00bb1&Prime; admin_label=\u00a0\u00bbAbout Us Section\u00a0\u00bb _builder_version=\u00a0\u00bb4.23.1&Prime; custom_padding=\u00a0\u00bb50px|0px|50px|0px|false|false\u00a0\u00bb global_colors_info=\u00a0\u00bb{}\u00a0\u00bb][et_pb_row admin_label=\u00a0\u00bbRow\u00a0\u00bb _builder_version=\u00a0\u00bb4.23.1&Prime; width=\u00a0\u00bb90%\u00a0\u00bb max_width=\u00a0\u00bb1200px\u00a0\u00bb custom_padding=\u00a0\u00bb|||\u00a0\u00bb global_colors_info=\u00a0\u00bb{}\u00a0\u00bb][et_pb_column type=\u00a0\u00bb4_4&Prime; _builder_version=\u00a0\u00bb4.23.1&Prime; custom_padding=\u00a0\u00bb||||true|true\u00a0\u00bb global_colors_info=\u00a0\u00bb{}\u00a0\u00bb custom_padding__hover=\u00a0\u00bb|||\u00a0\u00bb][et_pb_text _builder_version=\u00a0\u00bb4.23.1&Prime; text_font=\u00a0\u00bb||||||||\u00a0\u00bb header_font=\u00a0\u00bb||||||||\u00a0\u00bb header_3_font=\u00a0\u00bbPoppins|600|||||||\u00a0\u00bb header_3_text_color=\u00a0\u00bb#44d89e\u00a0\u00bb header_3_font_size=\u00a0\u00bb36px\u00a0\u00bb header_3_line_height=\u00a0\u00bb1.4em\u00a0\u00bb custom_padding=\u00a0\u00bb2%||||false|false\u00a0\u00bb global_colors_info=\u00a0\u00bb{}\u00a0\u00bb]<\/p>\n<h3><span style=\"color: #694596;\">Mentions l\u00e9gales<\/span><\/h3>\n<p>[\/et_pb_text][et_pb_text _builder_version=\u00a0\u00bb4.23.1&Prime; text_font=\u00a0\u00bbOpen Sans||||||||\u00a0\u00bb text_text_color=\u00a0\u00bb#486066&Prime; text_font_size=\u00a0\u00bb15px\u00a0\u00bb text_line_height=\u00a0\u00bb1.8em\u00a0\u00bb header_font=\u00a0\u00bb||||||||\u00a0\u00bb global_colors_info=\u00a0\u00bb{}\u00a0\u00bb]<\/p>\n<p>Conform\u00e9ment aux dispositions de la loi n\u00b0 2004-575 du 21 juin 2004 pour la confiance en l\u2019\u00e9conomie num\u00e9rique, il est pr\u00e9cis\u00e9 aux utilisateurs du site Oceannedemont l\u2019identit\u00e9 des diff\u00e9rents intervenants dans le cadre de sa r\u00e9alisation et de son suivi.<\/p>\n<p>[\/et_pb_text][et_pb_text _builder_version=\u00a0\u00bb4.23.1&Prime; text_font=\u00a0\u00bbOpen Sans||||||||\u00a0\u00bb text_text_color=\u00a0\u00bb#486066&Prime; text_font_size=\u00a0\u00bb15px\u00a0\u00bb text_line_height=\u00a0\u00bb1.8em\u00a0\u00bb header_font=\u00a0\u00bb||||||||\u00a0\u00bb global_colors_info=\u00a0\u00bb{}\u00a0\u00bb]<\/p>\n<h2><b>\u00c9diteur du site<\/b><span><b>\u00a0<\/b><\/span><\/h2>\n<p>D\u00e9nomination sociale\u00a0: auto-entreprise pratique lib\u00e9rale musicoth\u00e9rapeute Oc\u00e9anne DEMONT<br \/>Email\u00a0: <span><a href=\"mailto:oceanne.demont@gmail.com\">oceanne.demont@gmail.com<\/a><br \/><a href=\"mailto:oceanne.demont@gmail.com\"><\/a><\/span>T\u00e9l\u00e9phone : 06 75 78 07 04<br \/>SIRET 920 128 261 000 12<br \/>Si\u00e8ge social : 112 avenue Roger Salengro 69100 Villeurbanne<br \/>Code APE\u00a0: 8690F<br \/>Nom de la direction de publication\u00a0: Oc\u00e9anne DEMONT<\/p>\n<h2><b>H\u00e9bergement<\/b><\/h2>\n<p>Le Site est h\u00e9berg\u00e9 par la soci\u00e9t\u00e9 OVH SAS, situ\u00e9 2 rue Kellermann \u2013 BP 80157 \u2013 59053 Roubaix Cedex 1, (contact t\u00e9l\u00e9phonique ou email : 1007) RCS Lille M\u00e9tropole 424 761 419 00045.<\/p>\n<h2><b>Propri\u00e9t\u00e9 intellectuelle<\/b><\/h2>\n<p><b>\u200d<\/b>Les photographies et textes sont la propri\u00e9t\u00e9 de l\u2019\u00e9diteur du site ou de tiers ayant autoris\u00e9 l\u2019\u00e9diteur du site \u00e0 les utiliser.<span class=\"Apple-converted-space\"><br \/><\/span>Toute reproduction totale ou partielle de ces \u00e9l\u00e9ments sans l\u2019autorisation expresse de l\u2019exploitant du site Internet ou de ses ayants-droits est prohib\u00e9e, au sens de l\u2019article L713-2 du CPI.<br \/>Cr\u00e9dit photo : Juliette Mono<br \/>Cr\u00e9ation : Pauline Morand<\/p>\n<h2><b>Traitement des donn\u00e9es<\/b><\/h2>\n<p><b>\u200d<\/b>Les donn\u00e9es (identit\u00e9, structure\u2026 ) que vous nous confiez dans le cadre de l\u2019utilisation du formulaire sont trait\u00e9es par Oc\u00e9anne Demont \u00e0 des fins de communication. Aucune donn\u00e9e ne sera transmise \u00e0 un tiers. Vos t\u00e9moignages seront anonymes. Je connais et applique les r\u00e8gles \u00e9thiques et d\u00e9ontologiques de ma profession et travaille dans le strict respect du secret professionnel.\u00a0<\/p>\n<h2><b>Me contacter\u00a0<\/b><\/h2>\n<p>Par email\u00a0: <span><a href=\"mailto:oceanne.demont@gmail.com\">oceanne.demont@gmail.com<\/a><br \/><a href=\"mailto:oceanne.demont@gmail.com\"><\/a><\/span>Par t\u00e9l\u00e9phone : 06 75 78 07 04<br \/>Par courrier : 112 avenue Roger Salengro 69100 Villeurbanne<\/p>\n<p>[\/et_pb_text][\/et_pb_column][\/et_pb_row][\/et_pb_section]<\/p>\n","protected":false},"excerpt":{"rendered":"<p>Mentions l\u00e9galesConform\u00e9ment aux dispositions de la loi n\u00b0 2004-575 du 21 juin 2004 pour la confiance en l\u2019\u00e9conomie num\u00e9rique, il est pr\u00e9cis\u00e9 aux utilisateurs du site Oceannedemont l\u2019identit\u00e9 des diff\u00e9rents intervenants dans le cadre de sa r\u00e9alisation et de son suivi.\u00c9diteur du site\u00a0 D\u00e9nomination sociale\u00a0: auto-entreprise pratique lib\u00e9rale musicoth\u00e9rapeute Oc\u00e9anne DEMONTEmail\u00a0: oceanne.demont@gmail.comT\u00e9l\u00e9phone : 06 75 [&hellip;]<\/p>\n","protected":false},"author":1,"featured_media":0,"parent":0,"menu_order":0,"comment_status":"closed","ping_status":"closed","template":"","meta":{"_et_pb_use_builder":"on","_et_pb_old_content":"","_et_gb_content_width":"","om_disable_all_campaigns":false,"_monsterinsights_skip_tracking":false,"_monsterinsights_sitenote_active":false,"_monsterinsights_sitenote_note":"","_monsterinsights_sitenote_category":0,"_uf_show_specific_survey":0,"_uf_disable_surveys":false,"footnotes":""},"class_list":["post-258","page","type-page","status-publish","hentry"],"aioseo_notices":[],"_links":{"self":[{"href":"https:\/\/oceannedemont.fr\/index.php\/wp-json\/wp\/v2\/pages\/258","targetHints":{"allow":["GET"]}}],"collection":[{"href":"https:\/\/oceannedemont.fr\/index.php\/wp-json\/wp\/v2\/pages"}],"about":[{"href":"https:\/\/oceannedemont.fr\/index.php\/wp-json\/wp\/v2\/types\/page"}],"author":[{"embeddable":true,"href":"https:\/\/oceannedemont.fr\/index.php\/wp-json\/wp\/v2\/users\/1"}],"replies":[{"embeddable":true,"href":"https:\/\/oceannedemont.fr\/index.php\/wp-json\/wp\/v2\/comments?post=258"}],"version-history":[{"count":6,"href":"https:\/\/oceannedemont.fr\/index.php\/wp-json\/wp\/v2\/pages\/258\/revisions"}],"predecessor-version":[{"id":960,"href":"https:\/\/oceannedemont.fr\/index.php\/wp-json\/wp\/v2\/pages\/258\/revisions\/960"}],"wp:attachment":[{"href":"https:\/\/oceannedemont.fr\/index.php\/wp-json\/wp\/v2\/media?parent=258"}],"curies":[{"name":"wp","href":"https:\/\/api.w.org\/{rel}","templated":true}]}}