{"id":175,"date":"2024-01-03T11:06:12","date_gmt":"2024-01-03T10:06:12","guid":{"rendered":"https:\/\/oceannedemont.fr\/?page_id=175"},"modified":"2024-07-26T17:51:18","modified_gmt":"2024-07-26T15:51:18","slug":"services","status":"publish","type":"page","link":"https:\/\/oceannedemont.fr\/index.php\/services\/","title":{"rendered":"Services"},"content":{"rendered":"\n[et_pb_section fb_built=\u00a0\u00bb1&Prime; admin_label=\u00a0\u00bbintro services\u00a0\u00bb _builder_version=\u00a0\u00bb4.23.1&Prime; custom_padding=\u00a0\u00bb2%|0px|2%|0px|false|false\u00a0\u00bb global_colors_info=\u00a0\u00bb{}\u00a0\u00bb][et_pb_row admin_label=\u00a0\u00bbRow\u00a0\u00bb _builder_version=\u00a0\u00bb4.23.1&Prime; max_width=\u00a0\u00bb846px\u00a0\u00bb min_height=\u00a0\u00bb109px\u00a0\u00bb custom_margin=\u00a0\u00bb|auto|-68px|auto||\u00a0\u00bb custom_padding=\u00a0\u00bb|||\u00a0\u00bb global_colors_info=\u00a0\u00bb{}\u00a0\u00bb][et_pb_column type=\u00a0\u00bb4_4&Prime; _builder_version=\u00a0\u00bb4.16&Prime; custom_padding=\u00a0\u00bb|||\u00a0\u00bb global_colors_info=\u00a0\u00bb{}\u00a0\u00bb custom_padding__hover=\u00a0\u00bb|||\u00a0\u00bb][et_pb_text _builder_version=\u00a0\u00bb4.25.0&Prime; text_font=\u00a0\u00bb||||||||\u00a0\u00bb header_font=\u00a0\u00bb||||||||\u00a0\u00bb header_text_align=\u00a0\u00bbcenter\u00a0\u00bb header_3_font=\u00a0\u00bbPoppins|600|||||||\u00a0\u00bb header_3_text_color=\u00a0\u00bb#44d89e\u00a0\u00bb header_3_font_size=\u00a0\u00bb36px\u00a0\u00bb header_3_line_height=\u00a0\u00bb1.4em\u00a0\u00bb text_orientation=\u00a0\u00bbcenter\u00a0\u00bb custom_margin=\u00a0\u00bb||21px|||\u00a0\u00bb inline_fonts=\u00a0\u00bbPoppins\u00a0\u00bb global_colors_info=\u00a0\u00bb{}\u00a0\u00bb]<h1><strong><span style=\"color: #694596; font-family: Poppins;\">Musicoth\u00e9rapie \u00e0 Lyon<\/span><\/strong><\/h1>[\/et_pb_text][\/et_pb_column][\/et_pb_row][\/et_pb_section][et_pb_section fb_built=\u00a0\u00bb1&Prime; _builder_version=\u00a0\u00bb4.24.3&Prime; _module_preset=\u00a0\u00bbdefault\u00a0\u00bb custom_padding=\u00a0\u00bb1px||1px|||\u00a0\u00bb global_colors_info=\u00a0\u00bb{}\u00a0\u00bb][et_pb_row column_structure=\u00a0\u00bb1_2,1_2&Prime; _builder_version=\u00a0\u00bb4.24.3&Prime; _module_preset=\u00a0\u00bbdefault\u00a0\u00bb global_colors_info=\u00a0\u00bb{}\u00a0\u00bb][et_pb_column type=\u00a0\u00bb1_2&Prime; _builder_version=\u00a0\u00bb4.24.3&Prime; _module_preset=\u00a0\u00bbdefault\u00a0\u00bb global_colors_info=\u00a0\u00bb{}\u00a0\u00bb][et_pb_image src=\u00a0\u00bbhttps:\/\/oceannedemont.fr\/wp-content\/uploads\/2024\/01\/Lames-sonore-musicotherapie-active_light.jpg\u00a0\u00bb alt=\u00a0\u00bbLames sonores pr\u00e9sentation des services en musicoth\u00e9rapie\u00a0\u00bb title_text=\u00a0\u00bbLames-sonore-musicoth\u00e9rapie-active\u00a0\u00bb force_fullwidth=\u00a0\u00bbon\u00a0\u00bb _builder_version=\u00a0\u00bb4.24.3&Prime; _module_preset=\u00a0\u00bbdefault\u00a0\u00bb global_colors_info=\u00a0\u00bb{}\u00a0\u00bb][\/et_pb_image][\/et_pb_column][et_pb_column type=\u00a0\u00bb1_2&Prime; _builder_version=\u00a0\u00bb4.24.3&Prime; _module_preset=\u00a0\u00bbdefault\u00a0\u00bb global_colors_info=\u00a0\u00bb{}\u00a0\u00bb][et_pb_text _builder_version=\u00a0\u00bb4.24.3&Prime; _module_preset=\u00a0\u00bbdefault\u00a0\u00bb custom_margin=\u00a0\u00bb||-29px|||\u00a0\u00bb custom_padding=\u00a0\u00bb||12px|||\u00a0\u00bb global_colors_info=\u00a0\u00bb{}\u00a0\u00bb]<p style=\"text-align: justify;\"><span style=\"color: #333333;\"><\/span><\/p>\n<p style=\"text-align: justify;\"><span style=\"color: #333333;\">La musicoth\u00e9rapie est une <strong>d\u00e9marche de soin ludique et cr\u00e9ative<\/strong> qui favorise le maintien des acquis, agit sur le bien-\u00eatre \u00e9motionnel, mental ou physique et qui renforce les liens. Elle se pratique en <strong>groupe<\/strong> (en famille, entre r\u00e9sidents ou entre salari\u00e9s) ou en <strong>individuel<\/strong>. La musicoth\u00e9rapie renforce la gestion du bien-\u00eatre, offrant un moyen holistique d&rsquo;aborder la sant\u00e9 mentale.<\/span><\/p>\n<p style=\"text-align: justify;\"><span style=\"color: #333333;\">Parce que le bien-\u00eatre est important, une difficult\u00e9 financi\u00e8re, de faibles ressources ne doivent pas vous emp\u00eacher d\u2019acc\u00e9der \u00e0 la musicoth\u00e9rapie. Si vous rencontrez des d\u00e9fis financiers, contactez-moi et nous pourrons envisager une solution pour que vous puissiez prendre soin de vous ou d\u2019un de vos proches.<\/span><\/p>\n<p style=\"text-align: justify;\"><span style=\"color: #333333;\">R\u00e9glement par virement, esp\u00e8ces, ou ch\u00e8que.<\/span><\/p>[\/et_pb_text][\/et_pb_column][\/et_pb_row][et_pb_row _builder_version=\u00a0\u00bb4.25.0&Prime; _module_preset=\u00a0\u00bbdefault\u00a0\u00bb global_colors_info=\u00a0\u00bb{}\u00a0\u00bb][et_pb_column type=\u00a0\u00bb4_4&Prime; _builder_version=\u00a0\u00bb4.25.0&Prime; _module_preset=\u00a0\u00bbdefault\u00a0\u00bb global_colors_info=\u00a0\u00bb{}\u00a0\u00bb][et_pb_divider show_divider=\u00a0\u00bboff\u00a0\u00bb _builder_version=\u00a0\u00bb4.25.0&Prime; _module_preset=\u00a0\u00bbdefault\u00a0\u00bb custom_margin=\u00a0\u00bb-6%||-6%||false|false\u00a0\u00bb global_colors_info=\u00a0\u00bb{}\u00a0\u00bb][\/et_pb_divider][\/et_pb_column][\/et_pb_row][\/et_pb_section][et_pb_section fb_built=\u00a0\u00bb1&Prime; admin_label=\u00a0\u00bb4 services\u00a0\u00bb _builder_version=\u00a0\u00bb4.24.3&Prime; background_color=\u00a0\u00bb#e8dbec\u00a0\u00bb custom_padding=\u00a0\u00bb2%|0px|2%|0px|false|false\u00a0\u00bb global_colors_info=\u00a0\u00bb{}\u00a0\u00bb][et_pb_row _builder_version=\u00a0\u00bb4.23.1&Prime; custom_margin=\u00a0\u00bb||-1%||false|false\u00a0\u00bb custom_padding=\u00a0\u00bb35px|||||\u00a0\u00bb global_colors_info=\u00a0\u00bb{}\u00a0\u00bb][et_pb_column type=\u00a0\u00bb4_4&Prime; _builder_version=\u00a0\u00bb4.16&Prime; custom_padding=\u00a0\u00bb|||\u00a0\u00bb global_colors_info=\u00a0\u00bb{}\u00a0\u00bb custom_padding__hover=\u00a0\u00bb|||\u00a0\u00bb][et_pb_text _builder_version=\u00a0\u00bb4.24.3&Prime; text_font=\u00a0\u00bb||||||||\u00a0\u00bb header_font=\u00a0\u00bb||||||||\u00a0\u00bb header_text_align=\u00a0\u00bbcenter\u00a0\u00bb header_3_font=\u00a0\u00bbPoppins|600|||||||\u00a0\u00bb header_3_text_color=\u00a0\u00bb#44d89e\u00a0\u00bb header_3_font_size=\u00a0\u00bb36px\u00a0\u00bb header_3_line_height=\u00a0\u00bb1.4em\u00a0\u00bb text_orientation=\u00a0\u00bbcenter\u00a0\u00bb global_colors_info=\u00a0\u00bb{}\u00a0\u00bb]<h3><span style=\"color: #694596;\">Les services propos\u00e9s<\/span><\/h3>[\/et_pb_text][et_pb_text _builder_version=\u00a0\u00bb4.24.3&Prime; text_font=\u00a0\u00bb||||||||\u00a0\u00bb header_font=\u00a0\u00bb||||||||\u00a0\u00bb header_2_font=\u00a0\u00bbPoppins|500||on|||||\u00a0\u00bb header_2_text_color=\u00a0\u00bbrgba(0,0,0,0.2)\u00a0\u00bb header_2_font_size=\u00a0\u00bb16px\u00a0\u00bb header_2_letter_spacing=\u00a0\u00bb1px\u00a0\u00bb header_2_line_height=\u00a0\u00bb1.3em\u00a0\u00bb text_orientation=\u00a0\u00bbcenter\u00a0\u00bb custom_margin=\u00a0\u00bb||20px|\u00a0\u00bb link_option_url=\u00a0\u00bbhttps:\/\/oceannedemont.fr\/#Temoignages\u00a0\u00bb saved_tabs=\u00a0\u00bball\u00a0\u00bb locked=\u00a0\u00bboff\u00a0\u00bb global_colors_info=\u00a0\u00bb{}\u00a0\u00bb]<h2><span style=\"text-decoration: underline; color: #000000;\"><span>Consultez les retours d&rsquo;exp\u00e9riences avec la musicoth\u00e9rapie<\/span><\/span><\/h2>[\/et_pb_text][et_pb_button button_url=\u00a0\u00bbhttps:\/\/oceannedemont.fr\/index.php\/contact\/\u00a0\u00bb url_new_window=\u00a0\u00bbon\u00a0\u00bb button_text=\u00a0\u00bbr\u00e9server votre s\u00e9ance\u00a0\u00bb button_alignment=\u00a0\u00bbcenter\u00a0\u00bb _builder_version=\u00a0\u00bb4.24.3&Prime; custom_button=\u00a0\u00bbon\u00a0\u00bb button_text_size=\u00a0\u00bb14px\u00a0\u00bb button_text_color=\u00a0\u00bb#0C71C3&Prime; button_border_width=\u00a0\u00bb2px\u00a0\u00bb button_border_color=\u00a0\u00bb#0C71C3&Prime; button_border_radius=\u00a0\u00bb100px\u00a0\u00bb button_font=\u00a0\u00bbPoppins|600||on|||||\u00a0\u00bb button_use_icon=\u00a0\u00bboff\u00a0\u00bb background_layout=\u00a0\u00bbdark\u00a0\u00bb custom_margin=\u00a0\u00bb0.3%||-1.3%||false|false\u00a0\u00bb custom_padding=\u00a0\u00bb12px|36px|12px|36px\u00a0\u00bb button_letter_spacing_hover=\u00a0\u00bb0&Prime; global_colors_info=\u00a0\u00bb{}\u00a0\u00bb button_text_size__hover_enabled=\u00a0\u00bboff\u00a0\u00bb button_one_text_size__hover_enabled=\u00a0\u00bboff\u00a0\u00bb button_two_text_size__hover_enabled=\u00a0\u00bboff\u00a0\u00bb button_text_color__hover_enabled=\u00a0\u00bboff\u00a0\u00bb button_one_text_color__hover_enabled=\u00a0\u00bboff\u00a0\u00bb button_two_text_color__hover_enabled=\u00a0\u00bboff\u00a0\u00bb button_border_width__hover_enabled=\u00a0\u00bboff\u00a0\u00bb button_one_border_width__hover_enabled=\u00a0\u00bboff\u00a0\u00bb button_two_border_width__hover_enabled=\u00a0\u00bboff\u00a0\u00bb button_border_color__hover_enabled=\u00a0\u00bboff\u00a0\u00bb button_one_border_color__hover_enabled=\u00a0\u00bboff\u00a0\u00bb button_two_border_color__hover_enabled=\u00a0\u00bboff\u00a0\u00bb button_border_radius__hover_enabled=\u00a0\u00bboff\u00a0\u00bb button_one_border_radius__hover_enabled=\u00a0\u00bboff\u00a0\u00bb button_two_border_radius__hover_enabled=\u00a0\u00bboff\u00a0\u00bb button_letter_spacing__hover_enabled=\u00a0\u00bbon\u00a0\u00bb button_letter_spacing__hover=\u00a0\u00bb0&Prime; button_one_letter_spacing__hover_enabled=\u00a0\u00bboff\u00a0\u00bb button_two_letter_spacing__hover_enabled=\u00a0\u00bboff\u00a0\u00bb button_bg_color__hover_enabled=\u00a0\u00bboff\u00a0\u00bb button_one_bg_color__hover_enabled=\u00a0\u00bboff\u00a0\u00bb button_two_bg_color__hover_enabled=\u00a0\u00bboff\u00a0\u00bb][\/et_pb_button][\/et_pb_column][\/et_pb_row][et_pb_row _builder_version=\u00a0\u00bb4.24.3&Prime; _module_preset=\u00a0\u00bbdefault\u00a0\u00bb custom_padding=\u00a0\u00bb||60px|||\u00a0\u00bb global_colors_info=\u00a0\u00bb{}\u00a0\u00bb][et_pb_column type=\u00a0\u00bb4_4&Prime; _builder_version=\u00a0\u00bb4.24.3&Prime; _module_preset=\u00a0\u00bbdefault\u00a0\u00bb global_colors_info=\u00a0\u00bb{}\u00a0\u00bb][et_pb_toggle title=\u00a0\u00bbAteliers parents &#8211; enfants : un temps ludique \u00e0 partager en famille\u00a0\u00bb _builder_version=\u00a0\u00bb4.25.0&Prime; _module_preset=\u00a0\u00bbdefault\u00a0\u00bb title_text_color=\u00a0\u00bb#0c71c3&Prime; title_font=\u00a0\u00bbPoppins||||||||\u00a0\u00bb hover_enabled=\u00a0\u00bb0&Prime; global_colors_info=\u00a0\u00bb{}\u00a0\u00bb sticky_enabled=\u00a0\u00bb0&Prime;]<div class=\"\">Un atelier destin\u00e9 pour les parents et leurs tout-petits, \u00e2g\u00e9s de 0 \u00e0 3 ans. Objectifs: partager, explorer, co-cr\u00e9er !<\/div>\n<p>Vous serez immerg\u00e9s dans un espace musical s\u00e9curisant, stimulant, con\u00e7u pour favoriser le d\u00e9veloppement complet de votre enfant. Je vous propose de renforcer les liens familiaux, de cr\u00e9er des souvenirs pr\u00e9cieux \u00e0 travers l&rsquo;exploration d&rsquo;instruments de musiques.<\/p>\n<div class=\"\"><b class=\"\">C&rsquo;est un moment o\u00f9 vous verrez grandir votre enfant :<\/b><\/div>\n<div class=\"\">&#8211; sur le plan moteur, l&rsquo;enfant d\u00e9veloppera sa motricit\u00e9 fine et sa marche<\/div>\n<div class=\"\">&#8211; sur le plan social, l&rsquo;enfant apprendra les notions de partage, la communication verbale et non verbale, des notions d&#8217;empathie et de coop\u00e9ration<\/div>\n<div class=\"\">&#8211; sur le plan cognitif et intellectuel, l&rsquo;enfant fera l&rsquo;exp\u00e9rience de la cr\u00e9ativit\u00e9 et l&rsquo;expression individuelle<\/div>\n<p>&#8211; sur le plan \u00e9motionnel, les jeux propos\u00e9s renforceront vos liens, permettront de laisser libre cours \u00e0 l&rsquo;expression des sentiments et \u00e9motions<\/p>\n<p>Lieu: les s\u00e9ances se d\u00e9roulent \u00e0 votre <b class=\"\">domicile<\/b> (Lyon, Villeurbanne et leurs m\u00e9tropoles)<\/p>\n<p>Dur\u00e9e: une heure<\/p>\n<p><b class=\"\">Tarif: 60 euros pour toute la famille<\/b><\/p>[\/et_pb_toggle][et_pb_toggle title=\u00a0\u00bbAteliers s\u00e9niors et familles : renforcez vos liens \u00e0 l&rsquo;aide de la musique\u00a0\u00bb _builder_version=\u00a0\u00bb4.25.0&Prime; _module_preset=\u00a0\u00bbdefault\u00a0\u00bb title_text_color=\u00a0\u00bb#694596&Prime; title_font=\u00a0\u00bbPoppins||||||||\u00a0\u00bb hover_enabled=\u00a0\u00bb0&Prime; global_colors_info=\u00a0\u00bb{}\u00a0\u00bb sticky_enabled=\u00a0\u00bb0&Prime;]<p>Ce type d&rsquo;ateliers est d\u00e9di\u00e9 aux s\u00e9niors et leurs proches.<\/p>\n<p>Vous pouvez choisir d&rsquo;offrir des s\u00e9ances \u00e0 vos deux parents pour qu&rsquo;ils partagent une activit\u00e9 en couple comme vous pouvez choisir de participer et vous offrir un temps de r\u00e9pit o\u00f9 vous verrez vos proches s&rsquo;\u00e9panouir, avoir du plaisir. Lors de ces ateliers, je personnalise tout. Vous m&rsquo;expliquerez vos attentes et les gouts musicaux de chaque participant. Je vous ferai des propositions de s\u00e9ances types et les adapteraient au fil du temps. Je peux croiser les m\u00e9thodes de musicoth\u00e9rapie : active, r\u00e9ceptive et d\u00e9tente psychomusicale dans la s\u00e9ance.<\/p>\n<p><b>Avantages<\/b> :<br \/>&#8211; Briser la sensation d&rsquo;isolement<br \/>&#8211; Maintenir les acquis en m\u00e9moire, communication, ou encore moteurs<br \/>&#8211; Un atelier qui rythme le quotidien, redonne motivation, plaisir \u00e0 vivre<\/p>\n<p><strong>Lieu<\/strong>: les s\u00e9ances se d\u00e9roulent \u00e0 <b>domicile<\/b> ou \u00e0 <b>l&rsquo;EHPAD<\/b> (Lyon, Villeurbanne et leurs m\u00e9tropoles). Bien demander l&rsquo;accord de l&rsquo;EHPAD en amont.<\/p>\n<p><strong>Dur\u00e9e<\/strong>: une heure<\/p>\n<p><b>Tarif: 60 euros pour une personne ou une famille<\/b><\/p>[\/et_pb_toggle][et_pb_toggle title=\u00a0\u00bbSensibilisation &#8211; conf\u00e9rences : pr\u00e9sentation des la musicoth\u00e9rapie et de ses effets sur le public, les pathologies qui vous int\u00e9ressent\u00a0\u00bb _builder_version=\u00a0\u00bb4.25.0&Prime; _module_preset=\u00a0\u00bbdefault\u00a0\u00bb title_text_color=\u00a0\u00bb#0c71c3&Prime; title_font=\u00a0\u00bbPoppins||||||||\u00a0\u00bb hover_enabled=\u00a0\u00bb0&Prime; global_colors_info=\u00a0\u00bb{}\u00a0\u00bb sticky_enabled=\u00a0\u00bb0&Prime;]<p>Je r\u00e9alise des conf\u00e9rences pour pr\u00e9senter la musicoth\u00e9rapie en lien avec une pathologie ou un public sp\u00e9cifique et l\u2019agr\u00e9menter d\u2019une rapide d\u00e9couverte des diff\u00e9rentes techniques de soin que j\u2019exerce. Cette formule convient parfaitement pour des \u00e9v\u00e9nements autour de la sant\u00e9, une entreprise, une association, un centre social ou encore un service hospitalier, des \u00e9quipes de soin.<\/p>\n<p><b>Tarif \u00e0 discuter ensemble sur une base minimum de 70 euros de l\u2019heure. <\/b><\/p>[\/et_pb_toggle][et_pb_toggle title=\u00a0\u00bbD\u00e9tente psychomusicale : profitez, offrez des s\u00e9ances intimes en groupe ou en individuel, sp\u00e9cialement con\u00e7ues pour r\u00e9pondre \u00e0 un besoin d\u2019harmonie et de d\u00e9tente.\u00a0\u00bb _builder_version=\u00a0\u00bb4.25.0&Prime; _module_preset=\u00a0\u00bbdefault\u00a0\u00bb title_text_color=\u00a0\u00bb#694596&Prime; title_font=\u00a0\u00bbPoppins||||||||\u00a0\u00bb global_colors_info=\u00a0\u00bb{}\u00a0\u00bb]<p>Lors de ces s\u00e9ances, je joue des instruments intuitifs et relaxants comme les bols tib\u00e9tains, des idiophones (kingonki, kalimba), b\u00e2ton de pluie ou encore tambour oc\u00e9an. Les sonorit\u00e9s sont apaisantes et vous plongeront dans un \u00e9tat de d\u00e9tente proche du sommeil. Il suffit de respirer et simplement \u00e9couter pour garantir votre esprit et votre corps une pause dans le rythme rapide du quotidien. Ce type de s\u00e9ance contribue aussi \u00e0 \u00e9lever l&rsquo;humeur, cr\u00e9ant une atmosph\u00e8re positive et \u00e9nergisante.<\/p>\n<p>R\u00e9duisez stress, anxi\u00e9t\u00e9 et douleurs en moins d\u2019une heure. (Dur\u00e9e d\u2019une s\u00e9ance: 30 \u00e0 60 minutes)<\/p>\n<p><b>Tarif individuel : 60 euros<\/b><\/p>\n<p><b>S\u00e9ance de groupe<\/b> : <b>me contacter pour obtenir un devis personnalis\u00e9.<\/b><\/p>[\/et_pb_toggle][et_pb_toggle title=\u00a0\u00bbMusicoth\u00e9rapie active : en groupe ou en individuel : explorez votre cr\u00e9ativit\u00e9 \u00e0 travers la musique, offrant un moyen unique de s&rsquo;exprimer et de se comprendre. Tissez du lien avec des \u00e9changes sonores ludiques adapt\u00e9s aux capacit\u00e9s de chacun.\u00a0\u00bb _builder_version=\u00a0\u00bb4.25.0&Prime; _module_preset=\u00a0\u00bbdefault\u00a0\u00bb title_text_color=\u00a0\u00bb#0c71c3&Prime; title_font=\u00a0\u00bbPoppins||||||||\u00a0\u00bb hover_enabled=\u00a0\u00bb0&Prime; global_colors_info=\u00a0\u00bb{}\u00a0\u00bb sticky_enabled=\u00a0\u00bb0&Prime;]<p>Vous serez invit\u00e9 \u00e0 jouer avec des instruments faciles d\u2019approche, et des objets sonores. Ici, l\u2019instrument de musique, la voix, le corps deviennent des supports de la m\u00e9diation th\u00e9rapeutique. Ils vous permettront de mettre en son ce que vous ne pouvez ou n\u2019osez pas dire. Je serais l\u00e0 pour vous offrir un espace d\u2019expression libre, sans jugement ni attente de performance ou d\u2019esth\u00e9tique.<\/p>\n<p><b>Avantages <\/b>:<br \/>Mobiliser les fonctions ex\u00e9cutives li\u00e9es aux choix (d\u00e9cider de l\u2019instrument jou\u00e9, inhiber ou \u00e9carter ce qui n\u2019est pas pertinent pour r\u00e9aliser la consigne de jeu).<br \/>Focaliser l\u2019attention (pr\u00e9cision dans le geste : attention cibl\u00e9e, attention s\u00e9lective.)<br \/>Sur le plan psychosocial, jouer ensemble, s\u2019imiter sont deux actions musicales qui mobilisent la m\u00e9moire auditive et visuelle pour recopier les gestes<\/p>\n<p><b>Tarif individuel : 60 euros<\/b><\/p>\n<p><b>S\u00e9ance de groupe : me contacter pour obtenir un devis personnalis\u00e9.<\/b><\/p>[\/et_pb_toggle][et_pb_toggle title=\u00a0\u00bbMusicoth\u00e9rapie r\u00e9ceptive : en groupe, \u00e9coutez ensemble de la musique, partagez vos id\u00e9es et vos ressentis. En individuel : je cr\u00e9e un voyage sonore sur mesure pour votre bien-\u00eatre.\u00a0\u00bb _builder_version=\u00a0\u00bb4.25.0&Prime; _module_preset=\u00a0\u00bbdefault\u00a0\u00bb title_text_color=\u00a0\u00bb#694596&Prime; title_font=\u00a0\u00bbPoppins||||||||\u00a0\u00bb global_colors_info=\u00a0\u00bb{}\u00a0\u00bb]<p style=\"text-align: center;\"><b>En groupe<\/b><\/p>\n<p>Accordez-vous en famille, \u00e0 vos r\u00e9sidents ou encore vos salari\u00e9s un temps de r\u00e9pit avec la musicoth\u00e9rapie r\u00e9ceptive en groupe. \u00c9coutez ensemble de la musique, partagez vos id\u00e9es et vos ressentis. Permettez aux participants d\u2019entamer un travail d\u2019introspection en douceur avec soi-m\u00eame. Questionnons ensemble les go\u00fbts musicaux de chaque personne, \u00e9coutons les avis anecdotes, les \u00e9motions et souvenirs individuels. Un cycle de 10 s\u00e9ances cr\u00e9e un espace propice \u00e0 la cr\u00e9ation de liens, au travail sur les souvenirs, la prise de d\u00e9cision, et encourage une expression libre.<\/p>\n<p><b>Tarif de s\u00e9ance de groupe sur devis personnalis\u00e9, n\u2019h\u00e9sitez pas \u00e0 me contacter.<\/b><\/p>\n<p style=\"text-align: center;\"><b>En individuel<\/b><\/p>\n<p>Je propose la cr\u00e9ation d\u2019une bande sonore personnalis\u00e9e pour r\u00e9duire vos douleurs, stress, anxi\u00e9t\u00e9s et angoisses. C\u2019est un montage de plusieurs pistes audio qui m\u00e8nent petit \u00e0 petit, vers la d\u00e9tente. Une composition unique qui guidera votre relaxation, du rythme rapide \u00e0 la d\u00e9tente profonde, et sera adapt\u00e9e non seulement \u00e0 vos besoins mais aussi \u00e0 vous affinit\u00e9s musicales.<\/p>\n<p><b>Tarif : 60 euros<\/b><\/p>[\/et_pb_toggle][et_pb_text _builder_version=\u00a0\u00bb4.24.3&Prime; text_font=\u00a0\u00bb||||||||\u00a0\u00bb header_font=\u00a0\u00bb||||||||\u00a0\u00bb header_2_font=\u00a0\u00bbPoppins|500||on|||||\u00a0\u00bb header_2_text_color=\u00a0\u00bbrgba(0,0,0,0.2)\u00a0\u00bb header_2_font_size=\u00a0\u00bb16px\u00a0\u00bb header_2_letter_spacing=\u00a0\u00bb1px\u00a0\u00bb header_2_line_height=\u00a0\u00bb1.3em\u00a0\u00bb text_orientation=\u00a0\u00bbcenter\u00a0\u00bb custom_margin=\u00a0\u00bb||20px|\u00a0\u00bb link_option_url=\u00a0\u00bbhttps:\/\/oceannedemont.fr\/#Temoignages\u00a0\u00bb saved_tabs=\u00a0\u00bball\u00a0\u00bb locked=\u00a0\u00bboff\u00a0\u00bb global_colors_info=\u00a0\u00bb{}\u00a0\u00bb]<h2><span style=\"text-decoration: underline; color: #000000;\"><span>Consultez les retours d&rsquo;exp\u00e9riences avec la musicoth\u00e9rapie<\/span><\/span><\/h2>[\/et_pb_text][et_pb_button button_url=\u00a0\u00bbhttps:\/\/oceannedemont.fr\/index.php\/contact\/\u00a0\u00bb url_new_window=\u00a0\u00bbon\u00a0\u00bb button_text=\u00a0\u00bbr\u00e9server votre s\u00e9ance\u00a0\u00bb button_alignment=\u00a0\u00bbcenter\u00a0\u00bb _builder_version=\u00a0\u00bb4.24.3&Prime; custom_button=\u00a0\u00bbon\u00a0\u00bb button_text_size=\u00a0\u00bb14px\u00a0\u00bb button_text_color=\u00a0\u00bb#0C71C3&Prime; button_border_width=\u00a0\u00bb2px\u00a0\u00bb button_border_color=\u00a0\u00bb#0C71C3&Prime; button_border_radius=\u00a0\u00bb100px\u00a0\u00bb button_font=\u00a0\u00bbPoppins|600||on|||||\u00a0\u00bb button_use_icon=\u00a0\u00bboff\u00a0\u00bb background_layout=\u00a0\u00bbdark\u00a0\u00bb custom_margin=\u00a0\u00bb0.3%||-1.3%||false|false\u00a0\u00bb custom_padding=\u00a0\u00bb12px|36px|12px|36px\u00a0\u00bb button_letter_spacing_hover=\u00a0\u00bb0&Prime; global_colors_info=\u00a0\u00bb{}\u00a0\u00bb button_text_size__hover_enabled=\u00a0\u00bboff\u00a0\u00bb button_one_text_size__hover_enabled=\u00a0\u00bboff\u00a0\u00bb button_two_text_size__hover_enabled=\u00a0\u00bboff\u00a0\u00bb button_text_color__hover_enabled=\u00a0\u00bboff\u00a0\u00bb button_one_text_color__hover_enabled=\u00a0\u00bboff\u00a0\u00bb button_two_text_color__hover_enabled=\u00a0\u00bboff\u00a0\u00bb button_border_width__hover_enabled=\u00a0\u00bboff\u00a0\u00bb button_one_border_width__hover_enabled=\u00a0\u00bboff\u00a0\u00bb button_two_border_width__hover_enabled=\u00a0\u00bboff\u00a0\u00bb button_border_color__hover_enabled=\u00a0\u00bboff\u00a0\u00bb button_one_border_color__hover_enabled=\u00a0\u00bboff\u00a0\u00bb button_two_border_color__hover_enabled=\u00a0\u00bboff\u00a0\u00bb button_border_radius__hover_enabled=\u00a0\u00bboff\u00a0\u00bb button_one_border_radius__hover_enabled=\u00a0\u00bboff\u00a0\u00bb button_two_border_radius__hover_enabled=\u00a0\u00bboff\u00a0\u00bb button_letter_spacing__hover_enabled=\u00a0\u00bbon\u00a0\u00bb button_letter_spacing__hover=\u00a0\u00bb0&Prime; button_one_letter_spacing__hover_enabled=\u00a0\u00bboff\u00a0\u00bb button_two_letter_spacing__hover_enabled=\u00a0\u00bboff\u00a0\u00bb button_bg_color__hover_enabled=\u00a0\u00bboff\u00a0\u00bb button_one_bg_color__hover_enabled=\u00a0\u00bboff\u00a0\u00bb button_two_bg_color__hover_enabled=\u00a0\u00bboff\u00a0\u00bb][\/et_pb_button][\/et_pb_column][\/et_pb_row][\/et_pb_section][et_pb_section fb_built=\u00a0\u00bb1&Prime; _builder_version=\u00a0\u00bb4.24.3&Prime; _module_preset=\u00a0\u00bbdefault\u00a0\u00bb global_colors_info=\u00a0\u00bb{}\u00a0\u00bb][et_pb_row _builder_version=\u00a0\u00bb4.24.3&Prime; _module_preset=\u00a0\u00bbdefault\u00a0\u00bb global_colors_info=\u00a0\u00bb{}\u00a0\u00bb][et_pb_column type=\u00a0\u00bb4_4&Prime; _builder_version=\u00a0\u00bb4.24.3&Prime; _module_preset=\u00a0\u00bbdefault\u00a0\u00bb global_colors_info=\u00a0\u00bb{}\u00a0\u00bb][et_pb_image src=\u00a0\u00bbhttps:\/\/oceannedemont.fr\/wp-content\/uploads\/2024\/04\/services.jpg\u00a0\u00bb alt=\u00a0\u00bbbandeau services musicoth\u00e9rapie groupe famille instruments s\u00e9niors\u00a0\u00bb title_text=\u00a0\u00bbservices\u00a0\u00bb force_fullwidth=\u00a0\u00bbon\u00a0\u00bb _builder_version=\u00a0\u00bb4.24.3&Prime; _module_preset=\u00a0\u00bbdefault\u00a0\u00bb transform_scale=\u00a0\u00bb128%|128%\u00a0\u00bb global_colors_info=\u00a0\u00bb{}\u00a0\u00bb][\/et_pb_image][\/et_pb_column][\/et_pb_row][\/et_pb_section]\n","protected":false},"excerpt":{"rendered":"<p>Musicoth\u00e9rapie \u00e0 Lyon La musicoth\u00e9rapie est une d\u00e9marche de soin ludique et cr\u00e9ative qui favorise le maintien des acquis, agit sur le bien-\u00eatre \u00e9motionnel, mental ou physique et qui renforce les liens. Elle se pratique en groupe (en famille, entre r\u00e9sidents ou entre salari\u00e9s) ou en individuel. La musicoth\u00e9rapie renforce la gestion du bien-\u00eatre, offrant [&hellip;]<\/p>\n","protected":false},"author":1,"featured_media":0,"parent":0,"menu_order":0,"comment_status":"closed","ping_status":"closed","template":"","meta":{"_et_pb_use_builder":"on","_et_pb_old_content":"","_et_gb_content_width":"","om_disable_all_campaigns":false,"_monsterinsights_skip_tracking":false,"_monsterinsights_sitenote_active":false,"_monsterinsights_sitenote_note":"","_monsterinsights_sitenote_category":0,"_uf_show_specific_survey":0,"_uf_disable_surveys":false,"footnotes":""},"class_list":["post-175","page","type-page","status-publish","hentry"],"aioseo_notices":[],"_links":{"self":[{"href":"https:\/\/oceannedemont.fr\/index.php\/wp-json\/wp\/v2\/pages\/175","targetHints":{"allow":["GET"]}}],"collection":[{"href":"https:\/\/oceannedemont.fr\/index.php\/wp-json\/wp\/v2\/pages"}],"about":[{"href":"https:\/\/oceannedemont.fr\/index.php\/wp-json\/wp\/v2\/types\/page"}],"author":[{"embeddable":true,"href":"https:\/\/oceannedemont.fr\/index.php\/wp-json\/wp\/v2\/users\/1"}],"replies":[{"embeddable":true,"href":"https:\/\/oceannedemont.fr\/index.php\/wp-json\/wp\/v2\/comments?post=175"}],"version-history":[{"count":25,"href":"https:\/\/oceannedemont.fr\/index.php\/wp-json\/wp\/v2\/pages\/175\/revisions"}],"predecessor-version":[{"id":495,"href":"https:\/\/oceannedemont.fr\/index.php\/wp-json\/wp\/v2\/pages\/175\/revisions\/495"}],"wp:attachment":[{"href":"https:\/\/oceannedemont.fr\/index.php\/wp-json\/wp\/v2\/media?parent=175"}],"curies":[{"name":"wp","href":"https:\/\/api.w.org\/{rel}","templated":true}]}}